alculate the greatest common divisor of 41600 and 81100.
100
Calculate the highest common divisor of 247189 and 164.
41
What is the highest common divisor of 648 and 520947612?
324
Calculate the highest common divisor of 222 and 5168530.
74
What is the highest common divisor of 694191096 and 8352?
2088
Calculate the highest common factor of 110828 and 41964.
1076
Calculate the greatest common divisor of 3450 and 238293225.
1725
What is the greatest common factor of 23706597 and 933?
933
Calculate the highest common factor of 1349 and 246487.
19
What is the highest common divisor of 60540670 and 21151?
1627
Calculate the highest common divisor of 144115 and 4355085.
3515
Calculate the greatest common factor of 3614 and 37543622.
278
What is the highest common factor of 251614283 and 438?
73
What is the highest common divisor of 418 and 9362254?
22
Calculate the highest common divisor of 1012 and 4877472.
92
Calculate the highest common divisor of 18144564 and 1362.
1362
Calculate the greatest common divisor of 46 and 2102038.
2
What is the greatest common factor of 4461330 and 210?
30
What is the greatest common factor of 33 and 80185391?
11
Calculate the highest common factor of 1877737 and 61557.
71
Calculate the highest common divisor of 85 and 542706130.
85
Calculate the greatest common factor of 11167 and 38259.
13
What is the greatest common divisor of 10600 and 4352?
8
Calculate the highest common divisor of 3025 and 617600.
25
Calculate the highest common divisor of 1327 and 12119491.
1327
Calculate the greatest common factor of 330 and 67209318.
66
What is the greatest common factor of 242 and 44457578?
242
What is the greatest common divisor of 779156 and 1694?
14
What is the highest common divisor of 74251256 and 24?
8
Calculate the greatest common factor of 1375086960 and 720.
720
What is the highest common factor of 247330944 and 16128?
8064
What is the greatest common divisor of 1543192 and 15232?
952
What is the highest common factor of 52 and 6707051?
13
Calculate the highest common divisor of 46534 and 1120102.
106
Calculate the greatest common divisor of 1011735 and 1290.
15
Calculate the highest common divisor of 159 and 4501661.
53
What is the greatest common divisor of 28 and 2199526?
14
What is the greatest common divisor of 3 and 57123147?
3
What is the highest common divisor of 3555 and 30580?
5
What is the highest common factor of 270 and 3002570910?
270
What is the highest common factor of 2876530 and 14320?
1790
What is the greatest common divisor of 1269468 and 118988?
788
Calculate the highest common factor of 1804142 and 10387.
799
What is the highest common divisor of 162700557 and 51?
51
What is the greatest common factor of 5007691 and 639379?
4667
Calculate the highest common factor of 299 and 3020682.
23
Calculate the greatest common divisor of 13762 and 193938036.
1966
What is the greatest common divisor of 92202 and 38082?
66
Calculate the highest common divisor of 20202951 and 132.
3
What is the greatest common factor of 267 and 2169610494?
267
Calculate the greatest common divisor of 3416 and 47385044.
1708
Calculate the greatest common divisor of 224519 and 4515149.
799
What is the highest common factor of 296238 and 468789?
1527
What is the highest common divisor of 1201608 and 762?
6
Calculate the highest common factor of 1308 and 2808528.
12
What is the highest common divisor of 1809570 and 318?
6
What is the highest common divisor of 24 and 30965340?
12
What is the highest common divisor of 5292 and 374332?
28
Calculate the highest common factor of 23324784 and 9408.
2352
What is the greatest common factor of 144958000 and 605?
605
What is the highest common factor of 248745 and 37605?
345
What is the highest common divisor of 1421 and 17316943?
49
What is the greatest common factor of 12595 and 96745?
55
What is the greatest common factor of 171362 and 7802?
94
What is the greatest common divisor of 2401553097 and 54?
27
Calculate the greatest common factor of 360656 and 6316.
4
What is the greatest common factor of 3467025 and 25650?
4275
What is the greatest common divisor of 28466129 and 387?
43
What is the greatest common divisor of 4577291 and 113?
113
What is the greatest common factor of 33913 and 19283?
11
What is the greatest common divisor of 75955900 and 100?
100
What is the greatest common divisor of 332953 and 21097?
73
Calculate the highest common divisor of 2788 and 20861176.
68
What is the highest common divisor of 9180 and 2636292?
204
Calculate the greatest common factor of 46650 and 18.
6
What is the highest common factor of 148 and 767996?
4
Calculate the highest common divisor of 8 and 15328776.
8
Calculate the highest common divisor of 529 and 1994008.
23
What is the highest common divisor of 496 and 2870786?
62
Calculate the highest common factor of 571530 and 8.
2
Calculate the greatest common factor of 860 and 138786800.
860
Calculate the highest common divisor of 1168894147 and 983.
983
Calculate the greatest common divisor of 1881 and 52615503.
171
What is the greatest common divisor of 7966985 and 41990?
1235
Calculate the highest common factor of 395 and 144732108.
79
Calculate the greatest common factor of 123507 and 117873.
9
Calculate the highest common divisor of 23498 and 773918.
758
What is the greatest common factor of 8690 and 3354230?
110
Calculate the highest common factor of 263001648 and 156.
156
Calculate the greatest common divisor of 96 and 1770272.
32
Calculate the highest common divisor of 158321 and 9187344.
2363
What is the greatest common divisor of 104 and 2004353?
13
Calculate the highest common divisor of 6410795 and 305.
305
Calculate the highest common divisor of 11722 and 66668.
2
What is the highest common factor of 303 and 8079192?
303
Calculate the highest common factor of 6 and 288528402.
6
What is the greatest common divisor of 62376 and 5567736?
2712
What is the highest common divisor of 16292890 and 1070?
1070
What is the greatest common divisor of 41215142 and 38?
38
What is the greatest common factor of 3076194 and 9542?
734
What is the highest common factor of 927948 and 3612?
84
Calculate the highest common factor of 7 and 17335759.
7
Calculate the greatest common factor of 25499476 and 209332.
3548
What is the highest common divisor of 909537 and 24069?
339
What is the greatest common divisor of 200960 and 288?
32
Calculate the highest common divisor of 759948 and 25149.
249
Calculate the highest common factor of 1439053 and 16093.
847
What is the highest common factor of 69798 and 666?
6
Calculate the highest common divisor of 1039310 and 58480.
430
Calculate the greatest common factor of 43579301 and 43131.
1307
What is the highest common divisor of 138 and 28184016?
138
What is the greatest common divisor of 14519470 and 651?
217
What is the greatest common divisor of 458435 and 3457295?
1655
Calculate the greatest common factor of 8265 and 453009.
87
What is the greatest common divisor of 1710821 and 2?
1
Calculate the greatest common divisor of 360 and 9929736.
72
Calculate the greatest common factor of 6 and 118382388.
6
What is the highest common factor of 115863950 and 2050?
2050
Calculate the greatest common factor of 1171814 and 3486.
14
What is the greatest common factor of 235 and 36180647?
47
What is the highest common factor of 24420710 and 30?
10
Calculate the highest common divisor of 2219280 and 360.
120
What is the highest common divisor of 128 and 10423744?
64
What is the highest common divisor of 265 and 3380340?
265
What is the highest common factor of 416720400 and 1453?
1453
What is the greatest common divisor of 344490 and 96?
6
What is the greatest common factor of 1152 and 116208?
144
What is the highest common factor of 2134 and 136807539?
1067
What is the highest common divisor of 26346 and 18726?
6
Calculate the highest common divisor of 57 and 10492617.
57
Calculate the greatest common divisor of 2132 and 3200912.
52
What is the greatest common factor of 280 and 12938984?
8
What is the greatest common factor of 267190 and 2915?
55
Calculate the greatest common divisor of 13915250 and 1625.
125
Calculate the highest common divisor of 719637212 and 1022.
1022
What is the greatest common factor of 20 an